 prime number?
True
Is 25696331 a prime number?
True
Is 2065279 a composite number?
True
Is 35794573 a prime number?
True
Is 17185673 a composite number?
False
Is 4172407 composite?
True
Is 7682951 prime?
True
Is 29764667 a prime number?
False
Is 245587 prime?
True
Is 97514089 prime?
False
Is 4678477 a prime number?
True
Is 24982829 a prime number?
True
Is 42991213 a composite number?
False
Is 1402081 a prime number?
True
Is 212250041 composite?
False
Is 132186797 prime?
True
Is 239867105 composite?
True
Is 38237933 a composite number?
True
Is 6061973 a composite number?
True
Is 71689 prime?
False
Is 903311 a prime number?
True
Is 6264781 a composite number?
False
Is 421019 a prime number?
True
Is 2873071 a composite number?
True
Is 20354479 composite?
False
Is 13962193 a composite number?
True
Is 16753723 a composite number?
True
Is 13057321 composite?
False
Is 697139 a prime number?
False
Is 10062301 composite?
True
Is 134290258 prime?
False
Is 5476747 prime?
True
Is 8599301 a prime number?
True
Is 5882479 a composite number?
False
Is 11358313 a composite number?
True
Is 10808209 prime?
False
Is 45329727 a prime number?
False
Is 14304571 prime?
True
Is 5009447 a prime number?
False
Is 19458467 a prime number?
False
Is 4546001 a composite number?
False
Is 19190071 a composite number?
False
Is 21854823 prime?
False
Is 1878677 a prime number?
True
Is 6610053 composite?
True
Is 309634027 composite?
True
Is 1944623 a prime number?
False
Is 355183 prime?
False
Is 5657537 a composite number?
True
Is 1631081 a prime number?
False
Is 863953 prime?
False
Is 3707653 composite?
False
Is 2603047 composite?
False
Is 41722034 a prime number?
False
Is 508641467 a composite number?
False
Is 124293271 a composite number?
True
Is 765641 prime?
False
Is 58329023 prime?
False
Is 72843383 composite?
False
Is 1325508701 composite?
True
Is 90322943 prime?
False
Is 715471 composite?
True
Is 45619393 composite?
False
Is 552913 a composite number?
False
Is 6436327 a prime number?
True
Is 140260917 prime?
False
Is 11952133 a prime number?
True
Is 5627633 a composite number?
True
Is 39173537 a prime number?
False
Is 1437739 prime?
True
Is 8634247 a prime number?
False
Is 3347033 a composite number?
False
Is 2410649 composite?
False
Is 5759 prime?
False
Is 2357249 composite?
False
Is 121624033 composite?
False
Is 2399219 a prime number?
False
Is 18318381 composite?
True
Is 1546457 a prime number?
False
Is 502891 prime?
False
Is 39012859 prime?
False
Is 49648331 a composite number?
True
Is 78646207 a composite number?
False
Is 28186847 composite?
True
Is 9812263 a composite number?
False
Is 229419829 a composite number?
False
Is 35643431 composite?
True
Is 212508599 prime?
False
Is 52562891 composite?
False
Is 91022989 a prime number?
True
Is 170207 prime?
True
Is 16466201 composite?
False
Is 9915031 composite?
True
Is 19733407 prime?
False
Is 445259 a composite number?
True
Is 259066 prime?
False
Is 1683223 prime?
True
Is 67815497 composite?
False
Is 2781995 a prime number?
False
Is 222809 prime?
False
Is 111646937 a composite number?
True
Is 4858369 a composite number?
True
Is 4259405 composite?
True
Is 56172085 composite?
True
Is 49061611 a composite number?
False
Is 4728757 prime?
False
Is 202381 prime?
True
Is 15117197 composite?
False
Is 21797023 a prime number?
True
Is 11258943 a composite number?
True
Is 62579893 a composite number?
True
Is 516062411 a composite number?
False
Is 2061499 a prime number?
False
Is 497023199 a prime number?
False
Is 58918955 prime?
False
Is 28487857 prime?
False
Is 102656651 a composite number?
False
Is 1484281 composite?
False
Is 13622087 a composite number?
False
Is 762869 a prime number?
False
Is 19939787 a composite number?
True
Is 46336981 prime?
True
Is 25110429 composite?
True
Is 7881301 composite?
True
Is 1388563 composite?
True
Is 27376099 prime?
True
Is 14776897 a prime number?
False
Is 21374147 prime?
True
Is 466517 composite?
False
Is 36301739 a composite number?
True
Is 116023903 a composite number?
True
Is 3298463 a prime number?
False
Is 226671071 prime?
False
Is 1018807 a composite number?
False
Is 5470007 prime?
False
Is 15753623 prime?
False
Is 33049931 composite?
False
Is 1169603 a prime number?
True
Is 72908569 prime?
True
Is 10750787 composite?
False
Is 3911191 a composite number?
False
Is 9063745 a prime number?
False
Is 5987537 a prime number?
False
Is 13880491 a composite number?
False
Is 1209401 prime?
False
Is 82536617 composite?
False
Is 22595957 a prime number?
True
Is 6525751 prime?
True
Is 5303443 prime?
True
Is 1723793 prime?
False
Is 171741543 prime?
False
Is 313795973 a prime number?
False
Is 75281727 a prime number?
False
Is 423359 prime?
False
Is 4102823 a prime number?
True
Is 1182331 a composite number?
False
Is 7849477 a composite number?
True
Is 8946713 a prime number?
True
Is 1552703 prime?
False
Is 49364149 a prime number?
True
Is 102717799 a composite number?
False
Is 777031 prime?
True
Is 50342863 composite?
False
Is 3444341 composite?
False
Is 20070539 a composite number?
True
Is 309869551 composite?
False
Is 45047519 composite?
True
Is 119313703 composite?
True
Is 9838049 a composite number?
True
Is 4502279 composite?
True
Is 36630283 a prime number?
False
Is 8899301 a prime number?
False
Is 22940663 a prime number?
True
Is 20455489 composite?
True
Is 41058755 a prime number?
False
Is 305059363 composite?
True
Is 3269143 prime?
True
Is 101482433 a prime number?
False
Is 21715853 a composite number?
False
Is 20969087 prime?
True
Is 532599 a prime number?
False
Is 2712517 composite?
False
Is 2094929 a composite number?
False
Is 709603 a composite number?
False
Is 1004081 a prime number?
False
Is 595061 a composite number?
True
Is 2451203 a prime number?
True
Is 4642319 prime?
False
Is 15104087 a composite number?
False
Is 367258907 composite?
True
Is 38886257 composite?
True
Is 1912193 a prime number?
True
Is 10667819 a composite number?
False
Is 623352347 a composite number?
False
Is 40915739 a prime number?
True
Is 12877615 composite?
True
Is 193935449 a composite number?
False
Is 23278403 a prime number?
True
Is 38805401 prime?
True
Is 275078213 a prime number?
False
Is 34985033 composite?
True
Is 8125295 composite?
True
Is 21966383 composite?
True
Is 24427111 composite?
False
Is 24354887 a composite number?
False
Is 3639631 a prime number?
True
Is 15358705 composite?
True
Is 4017242 a prime number?
False
Is 50069 a composite number?
False
Is 239464021 prime?
True
Is 8632699 prime?
True
Is 31882705 a composite number?
True
Is 1197193 a prime number?
True
Is 22970113 a composite number?
False
Is 936599 prime?
True
Is 3554431 a composite number?
False
Is 7239311 a composite number?
False
Is 2081897 composite?
False
Is 32178463 composite?
False
Is 7330406 a prime number?
False
Is 189821 a composite number?
True
Is 1355039 a composite number?
True
Is 42077587 a composite number?
False
Is 30534891 composite?
True
Is 55020341 prime?
False
Is 53369609 a prime number?
True
Is 132113161 a prime number?
True
Is 21444697 a composite number?
False
Is 2945429 a composite number?
False
Is 657979 composite?
True
Is 4785569 a prime number?
False
Is 2291207 a prime number?
False
Is 691262929 a composite number?
True
Is 2594237 composite?
False
Is 6353471 a composite number?
False
Is 117408013 a prime number?
True
Is 13024721 prime?
True
Is 28622537 a prime number?
False
Is 327950693 composite?
True
Is 398127019 prime?
False
Is 255954547 prime?
True
Is 213195799 a composite number?
True
Is 1090801 a composite number?
True
Is 41875237 composite?
False
Is 4881523 prime?
False
Is 116353 prime?
False
Is 80835247 prime?
True
Is 15741665 composite?
True
Is 38764529 a prime number?
False
Is 4753537 a composite number?
False
Is 691172005 prime?
False
Is 8958317 a composite number?
True
Is 2424131 a composite number?
True
Is 107275043 prime?
True
Is 3810899 prime?
True
Is 107495327 a prime number?
True
Is 12964811 a composite number?
False
Is 2805581 a prime number?
False
Is 994618397 a prime number?
False
Is 82903817 a composite number?
True
Is 27062279 composite?
True
Is 5674337 prime?
True
Is 23234045 a prime number?
False
Is 891793 composite?
True
Is 10101361 composite?
False
Is 160044553 a composite number